-8). What is the greatest common divisor of 980 and j?
20
Let o = -4000 + 4286. What is the highest common divisor of 550 and o?
22
Let t be 26/7 - 2/(-7). Let o = -273 + 333. Suppose 3*d - o = i, 12 = d - 4*i - 8. Calculate the greatest common divisor of d and t.
4
Let l = 26 + 47. Suppose -l*c + 69*c = -1216. What is the highest common factor of c and 38?
38
Let i = -37 + 37. Suppose q - 2*u - 5 = 2, i = -q - 4*u - 5. Let m be (3 - -12)/1 - q. What is the greatest common factor of m and 42?
6
Suppose -344*k = -337*k. Suppose -252 = -4*z + 4*x, k = 7*z - 5*z - x - 128. Calculate the greatest common factor of 5 and z.
5
Let l = 93 - 74. Let i(g) = g - 10. Let u be i(l). Let w be 789/u - (-6)/18. Calculate the greatest common divisor of 8 and w.
8
Let f be 1148/6 - (-100)/150. What is the greatest common factor of f and 18?
6
Let j be (-10 - 1808/(-80))*15. Calculate the greatest common factor of 294 and j.
21
Let y = 238 + -233. Suppose y*m + 4*r - 200 = -r, m = 2*r + 28. What is the highest common divisor of 30 and m?
6
Suppose 3279 - 160675 = -38*s. Calculate the greatest common factor of 38 and s.
38
Let g be (-75)/(-6)*(-168)/30. Let r = g + 98. Calculate the greatest common factor of r and 6.
2
Let r = -522 + 965. Let n = r - 385. What is the greatest common factor of n and 319?
29
Let f = 523 + -510. Suppose 0*k = f*k - 3354. Calculate the greatest common divisor of 172 and k.
86
Suppose -5*u = -3*c + 1621 + 87, -3*u = -12. Calculate the greatest common factor of 5904 and c.
144
Suppose -3*z = -0 - 6. Let b(x) = 14*x + 0 + 6 - 1 - x**z - 6*x. Let h be b(7). Calculate the highest common factor of 84 and h.
12
Let b = 19 + -12. Let u(l) = 54*l + 548. Let q be u(-10). Suppose b = 3*y - q. Calculate the highest common divisor of y and 55.
5
Let q be -1 + (-673)/(-27) - ((-376820)/4482 - -84). Suppose 4*n = 3*s - 272, 0*s - 3*s = 2*n - 242. What is the highest common divisor of s and q?
12
Suppose 0 = -273*d + 266*d + 42. What is the highest common factor of 279 and d?
3
Let x = 171 - 170. Let v = 9 - x. Calculate the highest common divisor of v and 72.
8
Let b = -163 + 174. Suppose 2*d - b*l = -6*l + 195, 3*d + 2*l - 245 = 0. What is the greatest common factor of d and 51?
17
Let h(y) = -y**3 + 21*y**2 + 18*y + 91. Let n be h(22). Suppose 178 = n*r - w, 5*r - 294 = -61*w + 62*w. Calculate the highest common divisor of r and 986.
58
Suppose 9*z = -679 - 8123. Let b be z/(-24) + -1 + (-27)/(-12). Calculate the highest common factor of 56 and b.
14
Let s = 13132 - 12992. Calculate the highest common factor of 40 and s.
20
Let o(p) = -4*p + 6. Let a be o(-5). Let j = 244266 + -243460. Calculate the highest common factor of j and a.
26
Let n(o) = 26*o + 5122. Let j be n(-137). Calculate the highest common divisor of j and 150.
30
Let u = 21900 - 21897. Let b be 108/14 - 4/(-14). Suppose 4*k - b*k + 96 = 0. What is the greatest common divisor of u and k?
3
Suppose k = -3*a - 0*a - 2, -2*k + 2*a + 4 = 0. Suppose 0 = 4*t - 53 + k. Let z be (-3)/(3/(-1))*13. Calculate the highest common factor of t and z.
13
Let a(k) = -26*k**3 + 9*k**2 + 33*k - 10. Let m be a(-6). Suppose 38*i - m + 678 = 0. What is the highest common factor of i and 21?
7
Suppose 0 = -217*q + 178*q + 210132. Calculate the greatest common factor of 24 and q.
12
Let k = -4554 - -4652. What is the greatest common divisor of k and 5?
1
Let n be 12/18 - 8/12. Suppose 110*p - 113*p + 3 = n. Let q(a) = 7*a + 109. Let c be q(-14). What is the highest common factor of p and c?
1
Suppose 3*w - 20 = 2*i + 77, 2*w + 5*i - 71 = 0. Let p = w + -31. Suppose p*o + 21 = 35. What is the highest common factor of 14 and o?
7
Suppose -8*h + 27 = -37. Suppose -h*o + 2720 = 2*o. What is the highest common divisor of o and 16?
16
Suppose 0 = -4*f - 5*f + 5*f. Suppose f = z + 3*w - 4*w - 54, -2*z - 2*w = -96. Let h = -3 + z. Calculate the greatest common divisor of 120 and h.
24
Let h = 142 - 134. Suppose -565 = h*k - 5141. Calculate the highest common factor of 44 and k.
44
Let h = -1150 + 1554. What is the highest common divisor of h and 1919?
101
Suppose 1 - 32 = -i. Let n = i + -29. Suppose -n*r = -10, 5*j - 38 = -r + 27. What is the highest common divisor of j and 108?
12
Let m = 59 + -35. Let k = 26 - m. Suppose 2*p + 7 - 27 = 0. What is the greatest common factor of p and k?
2
Let v be -6 + (43736/91)/4 + (-2)/13. What is the highest common factor of v and 1102?
38
Suppose -2*j + 112 = 5*j. Let r be 79 - (-4)/j*0. Suppose -r - 91 = -o. Calculate the greatest common factor of 68 and o.
34
Let t = -5356 - -5428. Calculate the greatest common divisor of 279 and t.
9
Suppose 15*y - 504 = 3*y. Let j be 2*15/5 + y. What is the highest common divisor of 36 and j?
12
Suppose 8 + 3 = i. Let u = 2706 + -2497. Calculate the greatest common divisor of u and i.
11
Suppose -5*b = 5*u - 285, 4*u - 237 = 3*b - 4*b. Calculate the highest common divisor of u and 27.
3
Suppose l - 11117 = 5*f, -f - 49017 = -5*l + 6640. Calculate the highest common factor of l and 23.
23
Let f(l) = 44*l**2 - 122*l + 132. Let x be f(6). What is the greatest common factor of 369 and x?
123
Let k(a) = -690*a - 1816. Let j be k(-4). Calculate the highest common factor of j and 177.
59
Let f(n) = -n**3 - 132*n**2 - 241*n + 2478. Let d be f(-130). Suppose -2*o + 47 = -17. What is the highest common divisor of d and o?
8
Let b = -301 - -286. Let n(o) = -o**2 - 19*o - 31. Let c be n(b). What is the highest common divisor of c and 203?
29
Let k = 3 + -10. Let h be -4 + 0 + k/(14/(-108)). Calculate the highest common divisor of 2 and h.
2
Let i = 532 + -523. Suppose -3*l + 3*w = -93, i*w + 23 = l + 6*w. What is the greatest common divisor of 14 and l?
7
Let u(b) = 2 - b**2 - 15*b**2 + 3 - 43*b - 4*b**2 - 2*b**3. Let k be u(-8). Let g = 151 - 89. What is the greatest common divisor of g and k?
31
Suppose -17*v + 3990 = -2*v + 80*v. Suppose -4*d + 12 = 0, 2*p + 5*d = -p + 33. What is the highest common divisor of v and p?
6
Let z = 213 + 151. Calculate the greatest common divisor of 572 and z.
52
Suppose 7*c + 37 = 12*c + 4*b, 3*b - 39 = -5*c. What is the highest common divisor of c and 2529?
9
Suppose -6*g + 2*g = -200. Suppose -3*m - 9 = 2*w - 0*m, 4*w - m = 3. Let l be (-52)/130 + (-204)/(-10) + w. What is the highest common divisor of g and l?
10
Suppose -18880 = -26*h + 50592. Suppose 5*r + 912 = h. Calculate the highest common divisor of 11 and r.
11
Let a be 9/(-36)*4 + -45. Let w(d) = -3*d - 113. Let g be w(a). What is the greatest common factor of 10 and g?
5
Suppose j = -g - 28 + 7, 0 = -2*j - 3*g - 40. Let u(a) = a**2 - 86*a + 1456. Let n be u(63). Let f = n - j. What is the highest common factor of 12 and f?
6
Let j(c) = 2333*c**2 - 24*c - 21. Let f be j(-1). What is the highest common factor of f and 96?
32
Let t be -21 - 63 - (-1 - (-9 - -2)). Let v be (3/(-2))/(t/3300). Calculate the greatest common factor of v and 198.
11
Suppose 11*f - 238 = 81. Suppose -24*d + f*d = 35. What is the greatest common divisor of 119 and d?
7
Let b be (272/(-170))/(1/(-120)). What is the highest common factor of 744 and b?
24
Let n(x) = -x**3 + 4*x**2 + 63*x - 13. Let j be n(10). What is the highest common factor of 68 and j?
17
Let p be 162/9*4/(-6). Let a be 121 - 4/(16/p). What is the highest common divisor of 310 and a?
62
Let y = -367 + 381. Suppose 2*h = 8, 3*h - 812 = -y*j + 9*j. Calculate the highest common divisor of 64 and j.
32
Let l(s) = -8*s - 11. Let h be -1 - -4 - 9 - (15 - 18). Let o be l(h). Calculate the greatest common divisor of o and 52.
13
Suppose 16*u - 979 - 331 = 1826. What is the greatest common factor of 1204 and u?
28
Suppose 398 = -3*y + 2*x, -4*y - 35*x = -39*x + 536. Let r be (y/39)/((-38)/36 - -1). Calculate the highest common factor of r and 20.
20
Suppose -4*s = c - 432, 0*c - 3*c = 0. Let z be 33170/930 + 2/6. What is the greatest common factor of z and s?
36
Let a = 2 + 18. Suppose f + a = -4*j + 5, 4*f + 60 = 3*j. Let k = f + 24. What is the greatest common divisor of 9 and k?
9
Let g(w) = w**3 + 4*w**2 - 11*w - 27. Let k be g(-2). Suppose -2238 = -4*o - 2*f, -o + 4*o - k*f - 1692 = 0. What is the highest common divisor of o and 33?
33
Let s be (922 + -3 + -4)/3. Calculate the highest common factor of 549 and 